{"id":140,"date":"2016-09-26T10:24:59","date_gmt":"2016-09-26T08:24:59","guid":{"rendered":"http:\/\/gj-wiesbaden.de\/?page_id=140"},"modified":"2019-02-25T17:45:44","modified_gmt":"2019-02-25T15:45:44","slug":"themen","status":"publish","type":"page","link":"https:\/\/gj-wiesbaden.de\/?page_id=140","title":{"rendered":"Themen"},"content":{"rendered":"<p>Unsere Schwerpunktthemen momentan sind die Verkehrswende und der Radverkehr, der Rechtspopulismus sowie die Obdachlosigkeit in Wiesbaden.<\/p>\n<p>Der GJ Wiesbaden ist es wichtig, dass die Verkehrswende in der Stadt Wiesbaden vorangeht. Mit der Gr\u00fcnen Fraktion im Wiesbadener Rathaus sowie unserer Mutterpartei wollen wir uns f\u00fcr eine Verbesserung der Fahrradwege und des Nahverkehrs einsetzen. Daher sagen wir entschieden &#8222;Ja zur Citybahn!&#8220;<\/p>\n<p>Ebenso m\u00f6chte sie sich gemeinsam mit den anderen Jugendparteien f\u00fcr einen starken, Friedlichen Protest gegen die AfD sowie mit ihr zusammenh\u00e4ngende Verb\u00e4nde, Gruppierungen und jede andere Form der gruppenbezogenen Menschenfeindlichkeit\u00a0 engagieren.<\/p>\n<p>Zudem wollen wir uns die soziale Lage der Obdachlosen in unserer Stadt widmen. N\u00e4heres findet ihr auf den folgenden themenspezifischen Seiten.<\/p>\n","protected":false},"excerpt":{"rendered":"<p>Unsere Schwerpunktthemen momentan sind die Verkehrswende und der Radverkehr, der Rechtspopulismus sowie die Obdachlosigkeit in Wiesbaden. Der GJ Wiesbaden ist es wichtig, dass die Verkehrswende in der Stadt Wiesbaden vorangeht. Mit der Gr\u00fcnen Fraktion im Wiesbadener Rathaus sowie unserer Mutterpartei wollen wir uns f\u00fcr eine Verbesserung der Fahrradwege und des Nahverkehrs einsetzen. Daher sagen wir [&hellip;]<\/p>\n","protected":false},"author":16,"featured_media":0,"parent":0,"menu_order":0,"comment_status":"closed","ping_status":"closed","template":"","meta":{"footnotes":""},"class_list":["post-140","page","type-page","status-publish","hentry"],"_links":{"self":[{"href":"https:\/\/gj-wiesbaden.de\/index.php?rest_route=\/wp\/v2\/pages\/140","targetHints":{"allow":["GET"]}}],"collection":[{"href":"https:\/\/gj-wiesbaden.de\/index.php?rest_route=\/wp\/v2\/pages"}],"about":[{"href":"https:\/\/gj-wiesbaden.de\/index.php?rest_route=\/wp\/v2\/types\/page"}],"author":[{"embeddable":true,"href":"https:\/\/gj-wiesbaden.de\/index.php?rest_route=\/wp\/v2\/users\/16"}],"replies":[{"embeddable":true,"href":"https:\/\/gj-wiesbaden.de\/index.php?rest_route=%2Fwp%2Fv2%2Fcomments&post=140"}],"version-history":[{"count":4,"href":"https:\/\/gj-wiesbaden.de\/index.php?rest_route=\/wp\/v2\/pages\/140\/revisions"}],"predecessor-version":[{"id":572,"href":"https:\/\/gj-wiesbaden.de\/index.php?rest_route=\/wp\/v2\/pages\/140\/revisions\/572"}],"wp:attachment":[{"href":"https:\/\/gj-wiesbaden.de\/index.php?rest_route=%2Fwp%2Fv2%2Fmedia&parent=140"}],"curies":[{"name":"wp","href":"https:\/\/api.w.org\/{rel}","templated":true}]}}